me factors of l*(-4)/(-14) + 3090/35.
2, 11
Let n = -246 - -613. Suppose n = 5*l + 112. List the prime factors of l.
3, 17
Let j(d) = d**3 - 16*d**2 - 5*d - 5. What are the prime factors of j(19)?
983
Let t(k) = -2 + 227*k + 0 - 225*k + 12*k**2. What are the prime factors of t(2)?
2, 5
Let v be 1/(-3*4/(-24)). Suppose 3*f + 49 = v*f. Let j = -32 - f. What are the prime factors of j?
17
Let n(f) = -f**3 - 5*f**2 - 3*f + 4. Let d be n(-3). Suppose -24*o + 29*o + 5 = 0. List the prime factors of o/5 + (-66)/d.
13
Let u be 1 + -2*2/4. Suppose -4*d = -5*c - 367, u = -4*d - c + 45 + 352. What are the prime factors of d?
2, 7
Let z = 33 - 20. Suppose -z = -2*y + 7. List the prime factors of 15/y*(-26)/(-3).
13
Let m be -4*(-3)/6 - -5. Let z = 11 - m. Suppose -4*v - 47 = -4*s + v, -z*v = -s + 9. List the prime factors of s.
13
Let i = -80 - -84. Suppose -i*s + 4*d = -141 - 811, -2*s + 476 = -3*d. What are the prime factors of s?
2, 7, 17
Let x be -5*((-39)/(-15) + -3). Suppose 0*b - 5*p - 15 = -2*b, x*b + 2*p - 36 = 0. List the prime factors of b.
3, 5
Let z = 147 + 10. Let c = z - 17. List the prime factors of c.
2, 5, 7
Let z(x) = 150*x - 15. Let d be z(3). Suppose -j = -3*f + j + 456, 0 = -3*f - 5*j + d. List the prime factors of f.
2, 3, 5
Suppose -216*o + 14940 = -201*o. What are the prime factors of o?
2, 3, 83
Let s = 7 - 0. Let g = s - 15. Let a = 11 + g. List the prime factors of a.
3
List the prime factors of 97626/265*(14 + 1).
2, 3, 307
Let y be -4 + 51 + 3 + 2 + 0. Let v(i) = 2*i**2 + 3*i - 4. Let m be v(3). Let s = y - m. List the prime factors of s.
29
Let k be 0/((3/2)/(6/4)). Suppose z - 5*p - 404 + 92 = k, 0 = -z - 4*p + 285. List the prime factors of z.
3, 11
Let f(a) = 5*a + 586. What are the prime factors of f(0)?
2, 293
Suppose -3*f - 3*a - 99 = 0, -a + 6*a = -15. Let t = 287 + f. What are the prime factors of t?
257
Let w(m) = 245*m - 144. List the prime factors of w(16).
2, 59
Let y(b) = -40*b - 3. Let v(l) = -41*l - 5. Let r(c) = -6*v(c) + 7*y(c). What are the prime factors of r(-6)?
3, 71
List the prime factors of (-2 + (-8)/(-6))*204/(-8).
17
Let d(s) = -30*s - 128. What are the prime factors of d(-19)?
2, 13, 17
Let y(w) = 59*w**2. Let o be y(-1). Suppose -3*c + o = -349. What are the prime factors of c?
2, 17
Suppose 2*l - f - 447 = 0, -5*f + 159 - 610 = -2*l. List the prime factors of l.
223
Suppose 0 = 41*f - 23394 - 15351. List the prime factors of f.
3, 5, 7
Suppose 0 = 5*a - 22 + 82. Let b = a - -17. Suppose 8 = b*j - 17. What are the prime factors of j?
5
Let c be ((-18)/(-9))/(3/6). Suppose -c*t + 3*a + 79 = 0, -4*a + 81 = 4*t - 9*a. List the prime factors of t.
19
Let m(z) = -14*z**3 + z**2 + 2*z + 1. Let o = -5 - -13. Suppose o*f + k = 3*f - 9, -5*f + 15 = -5*k. What are the prime factors of m(f)?
2, 7
Suppose -4*n + 4*f + 5784 = 0, 20*n + 2880 = 22*n + f. What are the prime factors of n?
2, 7, 103
Let p(w) = -w**3 - 6*w**2 + 11*w + 7. Let l be p(-8). Let b be ((-1660)/(-50))/((-2)/(-5)). Let z = b - l. List the prime factors of z.
2, 3
Let y(g) = -2730*g - 35. List the prime factors of y(-1).
5, 7, 11
Suppose -5*f + 402 - 82 = 0. Let s = f + -40. What are the prime factors of s?
2, 3
Let a be 1*(0 - (-3 - 44)). Let b be ((-12)/(-3) + -4)*-1. Suppose n - 2*n - 5*s + a = b, 221 = 3*n - s. What are the prime factors of n?
2, 3
Let l(y) = 5*y**3 - 2*y + 1. Let s be l(3). Suppose 2*w = -7 + 29. Suppose 6*b = w*b - s. What are the prime factors of b?
2, 13
Let s(n) = -14*n + 5. Let g be s(2). Let f = g + 24. Let k = 4 - f. What are the prime factors of k?
3
Suppose 5*i = 41 - 6. What are the prime factors of (40/i)/(2/7) - -2?
2, 11
Let z(s) = -8*s**2 + 26*s**2 + s**2 + 7 + 8*s. List the prime factors of z(-3).
2, 7, 11
Suppose -3*c - 62 = j, 4*c + 80 = -3*j - j. What are the prime factors of (57/c - -3) + 852/7?
2, 61
Let b(n) = -13*n**2 + 166*n - 14. List the prime factors of b(10).
2, 173
Suppose -6973 = -37*z + 20. What are the prime factors of z?
3, 7
List the prime factors of 1/(-2)*(681088/16)/(-4).
17, 313
Let j be 12/(-54) + 20/9. Suppose 2*f + 4*g = 3*f - 16, j*f - 28 = 4*g. Let z = f + 23. List the prime factors of z.
5, 7
Let a = 109 + -37. Suppose -5*r + 203 = -a. What are the prime factors of r?
5, 11
Suppose 2*b + 3 = -75. Let q = 70 + b. What are the prime factors of q?
31
Let j(y) = 2*y - 14. Let a be j(8). Suppose w - 103 = -4*r, 3*r - a*w = -0*r + 69. List the prime factors of r.
5
Let c = 14 + 17. Suppose 11 = 3*d + 2*b, -2*d - d + c = -2*b. What are the prime factors of d?
7
Let q = -142 - -141. Let a(i) = 1 + 3*i**2 + 2*i**3 - 4*i**2 - 67*i**3. List the prime factors of a(q).
5, 13
Let k(y) = -y + 7*y**2 + 0 - 9 + 0*y**2 - 2*y**2. List the prime factors of k(-3).
3, 13
What are the prime factors of (1049/1)/(-51 + 52)?
1049
Let m = -574 - -368. Let i = -133 - m. List the prime factors of i.
73
Let m be 2/11 - 40671/(-99). Let o = m + -187. List the prime factors of o.
2, 7
Let a(p) = -64*p**2 + 28*p - 36. Let t(g) = -7*g**2 + 3*g - 4. Let s(l) = 3*a(l) - 28*t(l). What are the prime factors of s(-4)?
2, 17
Suppose 8*m + 5399 - 16599 = 0. What are the prime factors of m?
2, 5, 7
Let l(j) be the third derivative of j**5/3 - j**4/12 - j**3/6 + 5*j**2. List the prime factors of l(-2).
83
Suppose -53*i + 39*i + 1344 = 0. List the prime factors of i.
2, 3
Suppose -j = 5*t - 11, -5*j + t + 23 = -j. List the prime factors of (-1368)/(-27)*j/4.
2, 19
Let k be ((-62)/(-8))/((-356)/(-176) - 2). Suppose 267 = 4*q - k. List the prime factors of q.
2, 19
Let k be 2 - (4 - 1 - 67). Let b = k - 120. List the prime factors of 2/(-9) + (-1254)/b.
23
Suppose 14*w - 5*w - 738 = 0. Let v = 179 - w. What are the prime factors of v?
97
Suppose 3059 = 18*w - 7003. List the prime factors of w.
13, 43
Let z(t) = t - 1. Let y(g) = 2*g**2 + 8*g + 15. Let h(u) = y(u) + 4*z(u). Suppose 0*w = 3*w + 24. List the prime factors of h(w).
43
Suppose 4*f - 31 = -3*w, w + 0*w = -3. Suppose -5*p + 25 = a + 4*a, -5*p + 15 = 0. Let y = f + a. List the prime factors of y.
2, 3
Let r = 3 - -3. Let j be (r/(-10))/((-1)/20). What are the prime factors of (45/j + -3)*56?
2, 3, 7
Let d(n) = -n**3 + 8*n**2 + 35*n + 39. What are the prime factors of d(-12)?
3, 7, 17
Suppose -4*m = 8111 - 21923. What are the prime factors of m?
3, 1151
Suppose 3 = 4*p + j, 2*j - 25 = 7*j. Let g be 2/4*p - -1. Suppose 3*d + 35 = 5*c, -5*c - 4*d + g*d = -35. List the prime factors of c.
7
Suppose -8060 = -5*m + 5*o, 0*o = -4*m + 3*o + 6450. List the prime factors of m.
2, 3, 269
Let j = 40 + -35. Suppose m + 282 = j*g + 40, 0 = -3*g + m + 144. List the prime factors of g.
7
Let b be (-1 - 0)*0/2. Let d be 2/(-8) + (-18)/(-8). Suppose b*t + 4*t + 16 = 0, -c + 43 = d*t. What are the prime factors of c?
3, 17
Suppose -6*o + 747 + 507 = 0. What are the prime factors of o?
11, 19
Let j(q) = -2*q**3 - 41*q**2 + 2*q - 39. List the prime factors of j(-21).
2, 3, 5
Suppose -5*t - 9 = -0*g - 2*g, -2*g = 5*t - 39. Suppose -g*v + 10 = -7*v. List the prime factors of (-501)/(-15) - v/5.
3, 11
Suppose 2*u - 56 = -2*u. Let m = -9 + u. Suppose -q + v = -46, m*q = 4*q - 3*v + 38. List the prime factors of q.
2, 11
Let x be 8/28 + (120/7)/3. Suppose -544 = 2*h - x*h. List the prime factors of h.
2, 17
Suppose 0 = -n + 4*t + 368, -2*n - 2*t - 69 = -755. Suppose -3*r = 3*l - n, -10*l - 2 = -12*l. What are the prime factors of r?
5, 23
Let m(k) = k**2 - 12*k + 14. Let p be m(11). Suppose 0*l + 286 = 3*l + j, 0 = p*j + 6. What are the prime factors of l?
2, 3
Suppose 4*r - 936 = 4*a - 0*a, -447 = -2*r - 5*a. List the prime factors of (r/22)/((-1)/(-4)).
2, 3, 7
Let f(s) = -s**3 - 3*s**2 - 8*s + 1412. List the prime factors of f(0).
2, 353
Suppose -46 = -5*h + 24. Let s(r) = 3*r - 8. Let g(i) = 4*i - 9. Let d(p) = 4*g(p) - 5*s(p). What are the prime factors of d(h)?
2, 3
Let x(u) = -u**3 + 16*u**2 - 3*u + 54. What are the prime factors of x(11)?
2, 313
Let p(l) = 2*l**2 + 10*l + 5. Let y be (2 - (3 - -3))/(1/2). List the prime factors of p(y).
53
Let g(y) = 26*y**2 - 4*y + 3. Let k be g(2). Suppose -4*l = -l - k. List the prime factors of l.
3, 11
Let y = -37 + 39. Suppose y*n - 131 = 71. List the prime factors of n.
101
Let o(f) = -2*f - 8. Let g be -2 + 0 + (-34)/17. Let s be o(g).